{"id":502,"date":"2021-08-02T20:56:52","date_gmt":"2021-08-02T18:56:52","guid":{"rendered":"http:\/\/ogrodtolas.pl\/?page_id=502"},"modified":"2021-08-02T21:00:52","modified_gmt":"2021-08-02T19:00:52","slug":"ziemniaki","status":"publish","type":"page","link":"https:\/\/ogrodtolas.pl\/index.php\/ziemniaki\/","title":{"rendered":"Ziemniaki"},"content":{"rendered":"\n<p>W kwietniu w ramach spontanicznego eksperymentu zasadzili\u015bmy 3 donice ziemniak\u00f3w. <\/p>\n\n\n\n<figure class=\"wp-block-image size-large\"><img loading=\"lazy\" decoding=\"async\" width=\"576\" height=\"1024\" src=\"https:\/\/ogrodtolas.pl\/wp-content\/uploads\/2021\/08\/20210411_162444-576x1024.jpg\" alt=\"\" class=\"wp-image-503\" srcset=\"https:\/\/ogrodtolas.pl\/wp-content\/uploads\/2021\/08\/20210411_162444-576x1024.jpg 576w, https:\/\/ogrodtolas.pl\/wp-content\/uploads\/2021\/08\/20210411_162444-169x300.jpg 169w, https:\/\/ogrodtolas.pl\/wp-content\/uploads\/2021\/08\/20210411_162444-768x1365.jpg 768w, https:\/\/ogrodtolas.pl\/wp-content\/uploads\/2021\/08\/20210411_162444-864x1536.jpg 864w, https:\/\/ogrodtolas.pl\/wp-content\/uploads\/2021\/08\/20210411_162444-1152x2048.jpg 1152w, https:\/\/ogrodtolas.pl\/wp-content\/uploads\/2021\/08\/20210411_162444-scaled.jpg 1440w\" sizes=\"auto, (max-width: 576px) 100vw, 576px\" \/><\/figure>\n\n\n\n<p>Jako\u015b sobie tam ros\u0142y bez specjalnej ingerencji. Najpierw w folii a po 15 maja niedaleko skalniaka.<\/p>\n\n\n\n<figure class=\"wp-block-image size-large\"><img loading=\"lazy\" decoding=\"async\" width=\"1024\" height=\"576\" src=\"https:\/\/ogrodtolas.pl\/wp-content\/uploads\/2021\/08\/20210508_103421-1024x576.jpg\" alt=\"\" class=\"wp-image-504\" srcset=\"https:\/\/ogrodtolas.pl\/wp-content\/uploads\/2021\/08\/20210508_103421-1024x576.jpg 1024w, https:\/\/ogrodtolas.pl\/wp-content\/uploads\/2021\/08\/20210508_103421-300x169.jpg 300w, https:\/\/ogrodtolas.pl\/wp-content\/uploads\/2021\/08\/20210508_103421-768x432.jpg 768w, https:\/\/ogrodtolas.pl\/wp-content\/uploads\/2021\/08\/20210508_103421-1536x864.jpg 1536w, https:\/\/ogrodtolas.pl\/wp-content\/uploads\/2021\/08\/20210508_103421-2048x1152.jpg 2048w\" sizes=\"auto, (max-width: 1024px) 100vw, 1024px\" \/><\/figure>\n\n\n\n<p>Niestety krzaki zjad\u0142y \u015blimaki. Wykopali\u015bmy to co zosta\u0142o. <\/p>\n\n\n\n<figure class=\"wp-block-image size-large\"><img loading=\"lazy\" decoding=\"async\" width=\"1024\" height=\"576\" src=\"https:\/\/ogrodtolas.pl\/wp-content\/uploads\/2021\/08\/20210802_114752-1024x576.jpg\" alt=\"\" class=\"wp-image-505\" srcset=\"https:\/\/ogrodtolas.pl\/wp-content\/uploads\/2021\/08\/20210802_114752-1024x576.jpg 1024w, https:\/\/ogrodtolas.pl\/wp-content\/uploads\/2021\/08\/20210802_114752-300x169.jpg 300w, https:\/\/ogrodtolas.pl\/wp-content\/uploads\/2021\/08\/20210802_114752-768x432.jpg 768w, https:\/\/ogrodtolas.pl\/wp-content\/uploads\/2021\/08\/20210802_114752-1536x864.jpg 1536w, https:\/\/ogrodtolas.pl\/wp-content\/uploads\/2021\/08\/20210802_114752-2048x1152.jpg 2048w\" sizes=\"auto, (max-width: 1024px) 100vw, 1024px\" \/><\/figure>\n\n\n\n<p>Po umyciu prezentuj\u0105 si\u0119 ca\u0142kiem nie\u017ale. Sam nie wiem czy to du\u017co czy ma\u0142o jak na plon z trzech ziemniak\u00f3w. <\/p>\n\n\n\n<p>W przysz\u0142ym roku chyba bardziej si\u0119 do tego przy\u0142o\u017c\u0119. <\/p>\n","protected":false},"excerpt":{"rendered":"<p>W kwietniu w ramach spontanicznego eksperymentu zasadzili\u015bmy 3 donice ziemniak\u00f3w. Jako\u015b sobie tam ros\u0142y bez specjalnej ingerencji. Najpierw w folii a po 15 maja niedaleko skalniaka. Niestety krzaki zjad\u0142y \u015blimaki. Wykopali\u015bmy to co zosta\u0142o.&#46;&#46;&#46;<\/p>\n","protected":false},"author":1,"featured_media":0,"parent":0,"menu_order":0,"comment_status":"closed","ping_status":"closed","template":"","meta":{"footnotes":""},"class_list":["post-502","page","type-page","status-publish","hentry"],"_links":{"self":[{"href":"https:\/\/ogrodtolas.pl\/index.php\/wp-json\/wp\/v2\/pages\/502","targetHints":{"allow":["GET"]}}],"collection":[{"href":"https:\/\/ogrodtolas.pl\/index.php\/wp-json\/wp\/v2\/pages"}],"about":[{"href":"https:\/\/ogrodtolas.pl\/index.php\/wp-json\/wp\/v2\/types\/page"}],"author":[{"embeddable":true,"href":"https:\/\/ogrodtolas.pl\/index.php\/wp-json\/wp\/v2\/users\/1"}],"replies":[{"embeddable":true,"href":"https:\/\/ogrodtolas.pl\/index.php\/wp-json\/wp\/v2\/comments?post=502"}],"version-history":[{"count":3,"href":"https:\/\/ogrodtolas.pl\/index.php\/wp-json\/wp\/v2\/pages\/502\/revisions"}],"predecessor-version":[{"id":510,"href":"https:\/\/ogrodtolas.pl\/index.php\/wp-json\/wp\/v2\/pages\/502\/revisions\/510"}],"wp:attachment":[{"href":"https:\/\/ogrodtolas.pl\/index.php\/wp-json\/wp\/v2\/media?parent=502"}],"curies":[{"name":"wp","href":"https:\/\/api.w.org\/{rel}","templated":true}]}}