{"id":6,"date":"2020-12-08T21:07:33","date_gmt":"2020-12-08T20:07:33","guid":{"rendered":"http:\/\/ogrodtolas.pl\/?page_id=6"},"modified":"2021-01-23T15:42:18","modified_gmt":"2021-01-23T14:42:18","slug":"las-to-ogrod","status":"publish","type":"page","link":"https:\/\/ogrodtolas.pl\/index.php\/las-to-ogrod\/","title":{"rendered":"Ogr\u00f3d to las"},"content":{"rendered":"\n<p>Permakultura to co\u015b co wynosi rolnictwo ekologiczne na wy\u017cszy poziom.<\/p>\n\n\n\n<p>Ogr\u00f3d to las, las to ogr\u00f3d  &#8211; has\u0142o przewodnie mojego projektu maj\u0105cego na celu stworzenie ogrodu, a dok\u0142adniej ekosystemu na wz\u00f3r lasu.<\/p>\n\n\n\n<p>Las jest ekosystemem, \u017cyj\u0105cym organizmem pe\u0142nym ro\u015blin i zwierz\u0105t, nikt go nie uprawia nie orze ziemi, a daje obfite plony zdolne wy\u017cywi\u0107 swoich mieszka\u0144c\u00f3w. <\/p>\n\n\n\n<p><\/p>\n\n\n\n<p>Stron\u0119 podzieli\u0142em na dwie zasadnicze cze\u015bci<\/p>\n\n\n\n<p>Kalendarz &#8211; aby usystematyzowa\u0107 wiedze z zakresu czynno\u015bci, kt\u00f3re nale\u017cy wykonywa\u0107 w  okre\u015blonych ramach czasu<\/p>\n\n\n\n<p>Tematyka &#8211; wiedza z zakresy poszczeg\u00f3lnych grup &#8211; <a href=\"https:\/\/ogrodtolas.pl\/index.php\/kwiaty\/\" data-type=\"page\" data-id=\"41\">kwiaty<\/a>, <a href=\"https:\/\/ogrodtolas.pl\/index.php\/warzywa\/\" data-type=\"page\" data-id=\"40\">warzywa<\/a>, <a href=\"https:\/\/ogrodtolas.pl\/index.php\/owoce\/\" data-type=\"page\" data-id=\"39\">owoce<\/a><\/p>\n\n\n\n<p><a href=\"https:\/\/ogrodtolas.pl\/index.php\/permakultura\/\" data-type=\"page\" data-id=\"141\">Permakultura<\/a> &#8211; szczeg\u00f3\u0142owe informacje o uprawie permakulturowej<\/p>\n\n\n\n<p><\/p>\n\n\n\n<p><\/p>\n\n\n\n<p><\/p>\n\n\n\n<div class=\"wp-block-group alignwide has-background is-layout-flow wp-block-group-is-layout-flow\" style=\"background-color:#ffffff\"><div class=\"wp-block-group__inner-container\"><\/div><\/div>\n\n\n\n<figure class=\"wp-block-gallery alignwide columns-1 is-cropped wp-block-gallery-1 is-layout-flex wp-block-gallery-is-layout-flex\"><ul class=\"blocks-gallery-grid\"><li class=\"blocks-gallery-item\"><figure><img loading=\"lazy\" decoding=\"async\" width=\"576\" height=\"1024\" src=\"https:\/\/ogrodtolas.pl\/wp-content\/uploads\/2020\/12\/20201120_123722-576x1024.jpg\" alt=\"\" data-id=\"131\" data-full-url=\"https:\/\/ogrodtolas.pl\/wp-content\/uploads\/2020\/12\/20201120_123722-scaled.jpg\" data-link=\"https:\/\/ogrodtolas.pl\/index.php\/le-nouveau-e-mucem-ouvre-ses-portes-2\/20201120_123722\/\" class=\"wp-image-131\" srcset=\"https:\/\/ogrodtolas.pl\/wp-content\/uploads\/2020\/12\/20201120_123722-576x1024.jpg 576w, https:\/\/ogrodtolas.pl\/wp-content\/uploads\/2020\/12\/20201120_123722-169x300.jpg 169w, https:\/\/ogrodtolas.pl\/wp-content\/uploads\/2020\/12\/20201120_123722-768x1365.jpg 768w, https:\/\/ogrodtolas.pl\/wp-content\/uploads\/2020\/12\/20201120_123722-864x1536.jpg 864w, https:\/\/ogrodtolas.pl\/wp-content\/uploads\/2020\/12\/20201120_123722-1152x2048.jpg 1152w, https:\/\/ogrodtolas.pl\/wp-content\/uploads\/2020\/12\/20201120_123722-scaled.jpg 1440w\" sizes=\"auto, (max-width: 576px) 100vw, 576px\" \/><\/figure><\/li><\/ul><\/figure>\n","protected":false},"excerpt":{"rendered":"<p>Permakultura to co\u015b co wynosi rolnictwo ekologiczne na wy\u017cszy poziom. Ogr\u00f3d to las, las to ogr\u00f3d &#8211; has\u0142o przewodnie mojego projektu maj\u0105cego na celu stworzenie ogrodu, a dok\u0142adniej ekosystemu na wz\u00f3r lasu. Las jest&#46;&#46;&#46;<\/p>\n","protected":false},"author":1,"featured_media":5,"parent":0,"menu_order":0,"comment_status":"closed","ping_status":"closed","template":"","meta":{"footnotes":""},"class_list":["post-6","page","type-page","status-publish","has-post-thumbnail","hentry"],"_links":{"self":[{"href":"https:\/\/ogrodtolas.pl\/index.php\/wp-json\/wp\/v2\/pages\/6","targetHints":{"allow":["GET"]}}],"collection":[{"href":"https:\/\/ogrodtolas.pl\/index.php\/wp-json\/wp\/v2\/pages"}],"about":[{"href":"https:\/\/ogrodtolas.pl\/index.php\/wp-json\/wp\/v2\/types\/page"}],"author":[{"embeddable":true,"href":"https:\/\/ogrodtolas.pl\/index.php\/wp-json\/wp\/v2\/users\/1"}],"replies":[{"embeddable":true,"href":"https:\/\/ogrodtolas.pl\/index.php\/wp-json\/wp\/v2\/comments?post=6"}],"version-history":[{"count":6,"href":"https:\/\/ogrodtolas.pl\/index.php\/wp-json\/wp\/v2\/pages\/6\/revisions"}],"predecessor-version":[{"id":148,"href":"https:\/\/ogrodtolas.pl\/index.php\/wp-json\/wp\/v2\/pages\/6\/revisions\/148"}],"wp:featuredmedia":[{"embeddable":true,"href":"https:\/\/ogrodtolas.pl\/index.php\/wp-json\/wp\/v2\/media\/5"}],"wp:attachment":[{"href":"https:\/\/ogrodtolas.pl\/index.php\/wp-json\/wp\/v2\/media?parent=6"}],"curies":[{"name":"wp","href":"https:\/\/api.w.org\/{rel}","templated":true}]}}

Ogród to las

<p>Permakultura to coś co wynosi rolnictwo ekologiczne na wyższy poziom.</p>



<p>Ogród to las, las to ogród  &#8211; hasło przewodnie mojego projektu mającego na celu stworzenie ogrodu, a dokładniej ekosystemu na wzór lasu.</p>



<p>Las jest ekosystemem, żyjącym organizmem pełnym roślin i zwierząt, nikt go nie uprawia nie orze ziemi, a daje obfite plony zdolne wyżywić swoich mieszkańców. </p>



<p></p>



<p>Stronę podzieliłem na dwie zasadnicze cześci</p>



<p>Kalendarz &#8211; aby usystematyzować wiedze z zakresu czynności, które należy wykonywać w  określonych ramach czasu</p>



<p>Tematyka &#8211; wiedza z zakresy poszczególnych grup &#8211; <a href="https://ogrodtolas.pl/index.php/kwiaty/" data-type="page" data-id="41">kwiaty</a>, <a href="https://ogrodtolas.pl/index.php/warzywa/" data-type="page" data-id="40">warzywa</a>, <a href="https://ogrodtolas.pl/index.php/owoce/" data-type="page" data-id="39">owoce</a></p>



<p><a href="https://ogrodtolas.pl/index.php/permakultura/" data-type="page" data-id="141">Permakultura</a> &#8211; szczegółowe informacje o uprawie permakulturowej</p>



<p></p>



<p></p>



<p></p>



<div class="wp-block-group alignwide has-background is-layout-flow wp-block-group-is-layout-flow" style="background-color:#ffffff"><div class="wp-block-group__inner-container"></div></div>



<figure class="wp-block-gallery alignwide columns-1 is-cropped wp-block-gallery-1 is-layout-flex wp-block-gallery-is-layout-flex"><ul class="blocks-gallery-grid"><li class="blocks-gallery-item"><figure><img loading="lazy" decoding="async" width="576" height="1024" src="https://ogrodtolas.pl/wp-content/uploads/2020/12/20201120_123722-576x1024.jpg" alt="" data-id="131" data-full-url="https://ogrodtolas.pl/wp-content/uploads/2020/12/20201120_123722-scaled.jpg" data-link="https://ogrodtolas.pl/index.php/le-nouveau-e-mucem-ouvre-ses-portes-2/20201120_123722/" class="wp-image-131" srcset="https://ogrodtolas.pl/wp-content/uploads/2020/12/20201120_123722-576x1024.jpg 576w, https://ogrodtolas.pl/wp-content/uploads/2020/12/20201120_123722-169x300.jpg 169w, https://ogrodtolas.pl/wp-content/uploads/2020/12/20201120_123722-768x1365.jpg 768w, https://ogrodtolas.pl/wp-content/uploads/2020/12/20201120_123722-864x1536.jpg 864w, https://ogrodtolas.pl/wp-content/uploads/2020/12/20201120_123722-1152x2048.jpg 1152w, https://ogrodtolas.pl/wp-content/uploads/2020/12/20201120_123722-scaled.jpg 1440w" sizes="auto, (max-width: 576px) 100vw, 576px" /></figure></li></ul></figure>

<p>Permakultura to coś co wynosi rolnictwo ekologiczne na wyższy poziom. Ogród to las, las to ogród &#8211; hasło przewodnie mojego projektu mającego na celu stworzenie ogrodu, a dokładniej ekosystemu na wzór lasu. Las jest&#46;&#46;&#46;</p>
